 of l?
2, 5
Suppose -2*u + u - 3*h = -129, 2*u + 3*h - 249 = 0. What are the prime factors of u/2*(-3)/(-6)?
2, 3, 5
List the prime factors of (-2806)/(-11) - 17/187.
3, 5, 17
Suppose 5*a + 0*a + 5 = 0. Let h be (-4)/10 + 91/(-35). What are the prime factors of 28 + (h - a - -2)?
2, 7
Let v(h) = 179*h + 373. What are the prime factors of v(9)?
2, 31
Let c(t) = 11*t - 81. Let q be c(7). Let o(k) = -81*k + 13. List the prime factors of o(q).
337
Let x = -234 - -390. Suppose -150 = -3*m + x. Suppose m - 24 = 6*p. List the prime factors of p.
13
Let p(a) = a**3 - 23*a**2 - 88*a - 37. What are the prime factors of p(27)?
503
What are the prime factors of 3/((-7505)/(-1500) - 5)?
2, 3, 5
Let o = 55 + -62. List the prime factors of (476/o)/((-8)/12).
2, 3, 17
Suppose -3*o - 28 = -3*l - 10, l + 29 = -4*o. Let y be (-447)/(-7) - 1/o. Let k = -43 + y. List the prime factors of k.
3, 7
Suppose -11*g = -6*g - 515. Let z = g + 0. List the prime factors of z.
103
Let q = -22 + 13. Let x = q - -53. Suppose a = -a + x. What are the prime factors of a?
2, 11
Suppose -78 = -3*d - 5*j, -13*j + 8*j + 109 = 4*d. What are the prime factors of d?
31
Let u = 349 - -907. What are the prime factors of u?
2, 157
Let g(h) = 2*h**2 + 50*h - 48. What are the prime factors of g(-31)?
2, 3
Let p(z) = z**3 - 4*z**2 - 7*z - 14. Let n be p(6). Suppose -4*j + 48 = -2*w, -3*j - 3*w + 36 = -4*w. Let k = n + j. What are the prime factors of k?
2, 7
Let w(l) = 211*l - 722. List the prime factors of w(31).
11, 23
List the prime factors of 324/(-486) - 12086/(-3).
2, 19, 53
Let l be (-63)/(-15) + -4 - 19/(-5). What are the prime factors of l/(80/3395) + 6/(-8)?
13
Let m(g) = 67*g + 34. List the prime factors of m(12).
2, 419
Suppose 0*r + 5*r = 3*f - 6264, -2*f = 2*r - 4160. List the prime factors of f.
2083
Let t = 8 - 12. Let g be 2/t - 65/(-10). Suppose g*i = 8*i - 10. List the prime factors of i.
5
Let q be ((-30)/(-20))/((-1)/(-2)). Suppose -4*a - q*n + 16 = 0, -2*n = a + 2*a - 12. List the prime factors of (a/10)/(2/250).
2, 5
Let s = 351 + 25. List the prime factors of s.
2, 47
Let q = 139 - 60. List the prime factors of q.
79
Suppose 10 = -2*d + 3*d. Suppose d*b - 270 = 120. What are the prime factors of b?
3, 13
Suppose -56*a = -52*a + 20, -4*n = -4*a - 9180. What are the prime factors of n?
2, 5, 229
Let y(q) = -q**3 - 56*q**2 - 7*q - 12. What are the prime factors of y(-56)?
2, 5, 19
Let g(l) be the first derivative of 71*l**2/2 - l - 4. Let v be g(-1). Let c = -21 - v. List the prime factors of c.
3, 17
Let v = -1307 + 3527. What are the prime factors of v?
2, 3, 5, 37
Let r(o) = o**3 + 4*o**2 + 2*o + 1. Suppose 4*h - 4*t - 12 = 0, 0 = -2*h - 0*h + 5*t + 21. Let f be r(h). Suppose -y - 140 = -f*y. List the prime factors of y.
5, 7
Let k(v) = -126*v - 13. Let r be k(-4). Let d(l) = 11*l - 491 + r. What are the prime factors of d(2)?
2, 11
Let d be (-4)/30 - (-1254)/(-45). Let i = 17 - d. List the prime factors of i.
3, 5
Suppose -5*f - f + 12 = 0. Suppose -f*c = 5*r - 600, 4*r - 582 = -4*c - 102. Let l = r - 70. What are the prime factors of l?
2, 5
Let w(d) be the first derivative of d**3/3 - 2*d**2 - 6*d - 1. Let f be w(-4). Let s = 41 - f. What are the prime factors of s?
3, 5
Let b(w) = 8*w + 28. Suppose -3*x = -23 + 2. List the prime factors of b(x).
2, 3, 7
Suppose -7*z + 3*z + 152 = 0. List the prime factors of z.
2, 19
Suppose 4*k + 102 = -h, -4*k + 4 = -0. Let o = h - -179. What are the prime factors of o?
73
Suppose -22*i = -18*i - 4, 4*q - 5*i - 5123 = 0. What are the prime factors of q?
2, 641
Let h(t) = t**2 + t. Let v be h(0). Suppose -8*a + 13*a - 385 = v. What are the prime factors of a?
7, 11
Let p = -249 - -434. List the prime factors of p.
5, 37
Let u = 7 + -7. Let r = u + 3. What are the prime factors of (-33)/(2 - r/1)?
3, 11
Let s(p) = -49*p - 2. Let x(f) = -2*f + 15. Let g be x(10). Let w be s(g). Suppose 63 - w = -5*n. What are the prime factors of n?
2, 3
Let h = 203 - 346. List the prime factors of 6/9*-3 - (1 + h).
2, 5, 7
Let w(d) = -d**3 + 5*d**2 - 5*d + 4. Let l be w(4). Let q(t) = -t**2 - 9. Let r be q(l). Let k = r - -18. What are the prime factors of k?
3
Let y be (-3)/(-1*3/2). Let o be (-14 - -6)*y/(-4). Suppose -50 = o*d - 6*d. List the prime factors of d.
5
Let l(a) = -a**3 - 6*a**2 - 3*a - 10. Let m be l(-7). Suppose -2*v + m = -v - 3*x, 0 = 4*v + 4*x - 176. List the prime factors of v.
2, 3
Let r be 11796/20 - 3/(-15). What are the prime factors of ((-40)/(-12))/5 + r/6?
3, 11
Let d be -2 + -4*3/(-6). Let j be (-3)/(-1) + d + -1. Suppose 4*q - q = j*a - 7, 0 = -a + 4*q - 9. What are the prime factors of a?
11
Let j be 12/16 - (-717)/(-12). Let q = -56 - j. What are the prime factors of q?
3
Let j(a) be the first derivative of 8*a**3/3 + a**2 - 4*a - 7. Let d be j(-3). Suppose 0 = -b - b + d. List the prime factors of b.
31
Suppose -5*t + 5 - 35 = 0. Let j(w) = -5*w**2 + w + 1. Let n(q) = 24*q**2 - 19*q - 13. Let y(r) = 5*j(r) + n(r). What are the prime factors of y(t)?
2, 5
Let x = 1172 - -930. What are the prime factors of x?
2, 1051
Let h = -111 - -145. What are the prime factors of h?
2, 17
Let n(b) = 179*b + 6. Let r be n(1). Let t = 380 - r. What are the prime factors of t?
3, 5, 13
Suppose -3*k + s = 5*s - 189, -3*s + 9 = 0. Let g = 230 - k. What are the prime factors of g?
3, 19
Let q(r) = 3*r**2 - 44*r - 134. List the prime factors of q(53).
3, 1987
Let y = 1 - 16. Let m be (-909)/(-15) + (-6)/y. Let c = m - 18. What are the prime factors of c?
43
Suppose 0 = 12*j - 14*j + 1274. Suppose -2*m = -3*g + 408, -m - 50 - j = -5*g. List the prime factors of g.
2, 3, 23
Suppose 0 = -5*t + 2*y - y + 60, 5*t + y - 50 = 0. Suppose 4*s + 2114 = t*s. List the prime factors of s.
2, 151
Let k(g) = 149*g**2 + 20*g - 53. What are the prime factors of k(4)?
2411
Suppose -4*q + 5 = 2*p + 33, -5*q - 33 = 2*p. Let a(y) = -y**2 - 6*y - 4. Let v be a(p). Let l = v + 9. List the prime factors of l.
13
Let n be (5 + -3)/2 + -18. What are the prime factors of n/(-1) - 9/(-3)?
2, 5
Let l(m) = m**2 - 13*m + 6. Let i be l(13). Suppose 4*h = -2*n + h + i, 2 = h. Suppose -2*r = 2*k + 2*k - 8, -k - r = n. What are the prime factors of k?
2
Let o = -14 - -17. Let b = 15 - 13. Suppose -2*i = -4*h - 30, -2*i = o*i - b*h - 83. List the prime factors of i.
17
List the prime factors of (122/(-4))/(((-56)/7)/16).
61
Suppose 0 = -4*n - d + 22748, -24*d = -19*d. List the prime factors of n.
11, 47
Let c(p) = 33*p**2 + 56*p - 37. List the prime factors of c(-14).
5647
Let d(m) = m**2 - 16*m + 66. What are the prime factors of d(26)?
2, 163
Let k be ((2 + 0 - 2) + 11)*-1. Let t(n) = -n - 4. Let s be t(-2). What are the prime factors of (k/s)/(1/6)?
3, 11
Suppose -130 = -92*q + 87*q. List the prime factors of q.
2, 13
Let v = -9 + 16. Let h be v + -9 + 9 + -1. Suppose -4*a = -h*a + 28. What are the prime factors of a?
2, 7
Let z(v) = v**3 - 10*v**2 - 15*v + 13. Let y(q) = -q + 9. Let m be y(-3). List the prime factors of z(m).
11
Let f be (14/(-8))/(4/(-1216)). Suppose 5*u - 4*s = -f, 0 = -5*u + 2*s + 13 - 549. List the prime factors of 24/u + (-472)/(-18).
2, 13
Let o(z) be the third derivative of z**6/120 + z**4/24 - 8*z**3 + 3*z**2. Let i be o(0). Let q = 130 + i. List the prime factors of q.
2, 41
Let o(r) = 2*r + 3*r + 8 - r. Suppose -7*x - 55 = -104. List the prime factors of o(x).
2, 3
Suppose 6*n + 0*n - 996 = 0. List the prime factors of n.
2, 83
Let a(l) be the second derivative of 7*l**4/3 - l**3/6 - 48*l. List the prime factors of a(1).
3
Let i = -9 + 12. Let r = i - -4. Suppose 2*b + r = 41. List the prime factors of b.
17
Suppose 2*r - 178 = -0*r. Suppose -r = -7*o + 114. List the prime factors of o.
29
Let n(t) = 8*t**3 - 8*t**2 + 49*t - 1. List the prime factors of n(5).
2, 3, 29
Let u = -3 - -8. Suppose 4*p + 2*h + 3*h - 187 = 0, u*h = -5. Suppose 2*n = 3*l + p, -19 = 2*n + 4*l - 67. List the prime factors of n.
2, 3
Let l = 1615 + -1068. What are the prime factors of l?
547
Let w(o) = 9*o**3 - o**2 + 3*o + 2. Let b(p) = p**3 + p + 1. Let h(f) = 5*b(f) - w(f). Let u = 4 - 6. What are the prime factors of h(u)?
5, 7
Suppose -3*o = -6*o - 57. Let s = o - -17. Let q = 4 + s. List the prime factors of q.
2
Let q(y) = -2*y**3 + 36*y**2 + 5*y - 62. What 